6. Suppose -4*u + g*k = -23, 0 = -2*u + 4*u - 4*k - 16. List the prime factors of u.
2
Let a be (8/(-6))/((-10)/15). Let s = a - -35. What are the prime factors of s?
37
Suppose 0 = -2*y + y + 27. Let q = 13 - 16. List the prime factors of (1 + -2)/(q/y).
3
Let h = 111 - -51. What are the prime factors of h?
2, 3
Let m(k) = -3*k + 1. Let s(o) = -o**2 + o - 1. Let a be s(0). List the prime factors of m(a).
2
Suppose 3*z - 73 - 56 = 0. Suppose 3*c + 0*w - 2*w = 108, 3*w = c - z. List the prime factors of c.
2, 17
Let k = -22 + 32. Suppose 0 = 3*c - 0*n + 5*n + 2, -n = 3*c + k. Let y = c - -7. What are the prime factors of y?
3
Let w = -125 - -211. List the prime factors of w.
2, 43
Suppose -7*x + 2 = -5*x - 4*j, 19 = 3*x + 2*j. What are the prime factors of x?
5
Let f be 1355/30 - (-1)/(-6). Suppose 5*g - 3*p = -8*p + f, 4*g - p = 56. Let n = 23 - g. What are the prime factors of n?
2, 5
What are the prime factors of 84/(-6)*(-2 - (-152)/(-14))?
2, 3, 5
Suppose -75 + 12 = -4*c - j, 5*c = -5*j + 90. List the prime factors of c.
3, 5
Let g = -73 - -115. List the prime factors of g.
2, 3, 7
Suppose 2*a - 72 = -0*a. List the prime factors of a.
2, 3
Suppose 4*x = 3*x + 42. Suppose -4*k - 3*j + 80 = 0, 2*k + 2*j - x = -0*k. What are the prime factors of k?
17
Let t(x) = 2*x**2 - 3*x - 3. Let s be t(3). Let g = 19 - s. Suppose -49 = -5*d - 2*c, -g = -4*d + 4*c + 43. What are the prime factors of d?
11
List the prime factors of (3 + 0 - -73) + 2 + -4.
2, 37
Let n = 10 + 40. List the prime factors of n.
2, 5
Let f(z) be the second derivative of z**3/6 + 3*z**2 + 3*z. Let i be f(-5). Let n = i - -6. List the prime factors of n.
7
Let t be 0 - (-1)/(3/36). Suppose 4*s = 2*s - t. What are the prime factors of (-16)/6*s + -1?
3, 5
Suppose -867 - 169 = -7*q. List the prime factors of q.
2, 37
Suppose m = 3*r + 2*m - 425, -2*r - 4*m + 280 = 0. List the prime factors of r.
2, 71
Let y(a) = a + 27. List the prime factors of y(0).
3
Let u = 7 + -3. Suppose 16 = -u*p, n - 23 = -4*n + 2*p. Suppose 0 = -y + 6 - n. List the prime factors of y.
3
Suppose 0*v + 28 = 2*v. List the prime factors of v.
2, 7
Let m be 2/6*(-4 - -10). Suppose o - t - 4 - 12 = 0, -2 = m*t. List the prime factors of o.
3, 5
Let i(s) = s - 4. Let f be i(0). What are the prime factors of (-2)/f*(29 - -5)?
17
Let s(w) = -w**3 + 8*w**2 - 7*w + 2. Let p be s(7). List the prime factors of ((-44)/(-6))/(p/3).
11
List the prime factors of ((4/3)/(-2))/(8/(-2076)).
173
Suppose 3*n - 4*p = 188, 2*n - 2*p - 124 = -0*p. Suppose -5*x = 5*s - n, 3*s - 3*x - 21 = 15. List the prime factors of s.
2, 3
Suppose 12*f = 15*f - 81. List the prime factors of f.
3
Suppose 136 = 5*t + 4*v, 3*t + v = 4*v + 87. What are the prime factors of t?
2, 7
Suppose 40 = -0*c - 4*c. Let o = -16 - c. Let k(n) = n**3 + 7*n**2 + 5*n - 1. List the prime factors of k(o).
5
Let v = 1 - -3. Suppose v = 4*b - 16, -5*g - 20 = -3*b. What are the prime factors of (33/(-3))/(g/2)?
2, 11
Let s(f) = -f**3 + 11*f**2 - 10*f - 16. What are the prime factors of s(8)?
2, 3
Suppose 0 = m - 5*m + 3*z + 1, 3*z = -m + 19. Suppose -82 - 22 = -m*f. What are the prime factors of f?
2, 13
Suppose 45 = j - t, -3*t = 4*j + 2*t - 216. What are the prime factors of j?
7
Let f = 19 + -16. What are the prime factors of f?
3
Let x = 1 + 3. Suppose d - 158 = -4*d + 4*b, 4*b = -x*d + 112. What are the prime factors of d?
2, 3, 5
Let u be (-8)/44 + (-26)/(-22). Let b be (u + -1)*(-9)/18. Suppose -4*g + 6 + 30 = b. What are the prime factors of g?
3
Let w = -10 - -3. Let u be -15*3*7/w. Let o = u - 27. What are the prime factors of o?
2, 3
Let c = 222 - 148. List the prime factors of c.
2, 37
Suppose -47*j - 220 = -48*j. List the prime factors of j.
2, 5, 11
Let a be (-92)/16 + 1/(-4). Let i = 12 - a. Suppose -2*b + 3*f + i + 27 = 0, -3*f = 5*b - 60. List the prime factors of b.
3, 5
Suppose v = -2*v + 4*k + 99, 41 = v - 4*k. What are the prime factors of v?
29
Suppose 4*i - 5*b + 36 = 231, -i + b + 50 = 0. What are the prime factors of i?
5, 11
Let v(k) = -k**3 + 5*k**2 - 4*k - 1. Suppose -3*x + 3 + 6 = 0. Let u be v(x). Let y = u + 1. List the prime factors of y.
2, 3
Let v be (4 - 0)*25/(-20). Let s = v - -6. Suppose -x + 6 = -s. What are the prime factors of x?
7
Let r(x) = x**3 - 6*x**2 - x + 8. Let d be r(6). Let k(t) be the third derivative of t**6/60 - t**5/20 + t**4/12 - t**2. What are the prime factors of k(d)?
2
Let o = 20 + 1. What are the prime factors of 275/7 - 6/o?
3, 13
Suppose d + 32 = 3*d. Suppose -2*m + a + 10 = 0, -4*a + 44 = m + 3*m. Suppose d = m*i - 5*i. List the prime factors of i.
2
Suppose 154 = -5*u - 4*v, u + 2*v - 3*v + 29 = 0. Let i = u - -45. List the prime factors of i.
3, 5
Let x(v) = -2*v - 9. Let k be x(-7). Suppose -52 + 17 = -k*n. What are the prime factors of n?
7
Suppose -31 = 4*v + 5*k, -2*v - 4*k - 8 = -0*v. Let j be (-24)/(-14) - 4/v. Suppose 2*p + 10 = 2*d, 9 = 2*d + p - j*p. List the prime factors of d.
2
Let r(o) = -o**2 - 5*o - 4. Let g be r(-4). Suppose -4*k + k + 36 = g. Suppose 4*w - k = 28. What are the prime factors of w?
2, 5
Let t(m) be the first derivative of -m**3/3 + 3*m**2 + 5*m + 4. Let p be t(6). Suppose 0 = p*h - 5*w - 40, -32 = -h - 8*w + 3*w. List the prime factors of h.
2, 3
Suppose -4*l - 3*y + 2*y = -250, 2*l - 4*y = 116. Suppose -4*c + 0*r - 25 = 5*r, -5*c + 4*r - l = 0. Let k = c + 21. What are the prime factors of k?
11
Let p = -8 - -5. Let c = p - -4. Suppose 3*h = -c + 22. What are the prime factors of h?
7
Suppose -w + 41 = -2*r, -156 = -4*w - r + 5*r. List the prime factors of w.
37
Let d = -11 + 46. What are the prime factors of d?
5, 7
Suppose -h = 2*h - 15. Suppose -j + 37 = -3*f, -5*j = -j + h*f - 114. List the prime factors of j.
31
Let l = 40 - 7. Let q = -17 + l. What are the prime factors of q?
2
Let o = 2 - 7. Let b(y) = y**2 + 2*y + 7. Let d(n) = n**2 + 3*n + 7. Let g(i) = -3*b(i) + 4*d(i). What are the prime factors of g(o)?
2
Let x(h) = h. Let q = 2 - 2. Let r = 4 - q. List the prime factors of x(r).
2
Let r(x) = x + 7. Let a be r(-3). Suppose 5*k + 20 = -4*q, -2*q + k + a = 3*q. Suppose q = 2*t - 13 - 5. What are the prime factors of t?
3
Let g = 50 + -34. What are the prime factors of g?
2
Let i = -2 + 4. Suppose 0 = 2*s + i*s. Suppose -4 = -s*b - 2*b. List the prime factors of b.
2
Suppose -4*i - 2*z + 18 = 0, 12 = -2*z - 2*z. Let q be 4/i*(-105)/(-10). Let c = q + -3. What are the prime factors of c?
2
Suppose 5*h - 202 = 153. What are the prime factors of h?
71
Suppose -5*k + k + 5*q = -108, -q = 0. What are the prime factors of k?
3
Let u(r) = r**2 - r. Let y(b) = -b**3 - 6*b**2 - 3*b - 1. Let m be y(-6). Suppose -5*k + m = -3. List the prime factors of u(k).
2, 3
Let f be 21/6*4*-2. Let y = 42 + f. List the prime factors of y.
2, 7
Let z(o) = -o**3 + 19*o**2 + 2*o - 33. What are the prime factors of z(19)?
5
Suppose 6 = 2*c + 5*n - 29, -n + 31 = 2*c. Let y = 26 - c. List the prime factors of y.
11
Suppose 3*m = 3*f - 39, 0 = -2*f + 2*m - m + 24. Suppose 4*z - f = 105. What are the prime factors of z?
29
Suppose -680 - 30 = -10*o. List the prime factors of o.
71
Suppose 5*u = -5*c + 280, 2*c = -u - 0*u + 114. Suppose -2*d + 3*z = -46, -z = 4*d - d - c. What are the prime factors of d?
2, 5
Suppose -2*k - 4*m + 92 = m, 3*m - 120 = -3*k. What are the prime factors of k?
2, 3
Suppose -3*r + 0*r = -93. Suppose 0 = 5*f - 2*u - 21 - 43, 2*f + u = r. List the prime factors of f.
2, 7
Let x(k) = 14*k - 5. Let c be x(5). Suppose -s + c = 4*s. What are the prime factors of s?
13
Let p be 11/(-55) - 318/10. What are the prime factors of ((-10)/4)/(4/p)?
2, 5
Let w(l) = 3*l + 10. What are the prime factors of w(9)?
37
Let s be (-3 + 9/4)*-4. Suppose c = -5*q + 29, s*q = 3*c + 3 - 0. List the prime factors of c.
2
Suppose -5*i + 17 + 3 = 0. Let v = i - -4. List the prime factors of v.
2
Suppose 0 = 3*w - w + 42. Let m = w + 34. What are the prime factors of m?
13
Let q = -40 - -54. List the prime factors of q.
2, 7
Suppose -2*o - o + 105 = 0. Suppose -5*k + 3*v = -14, 2*k - 1 = 3*v + 1. Suppose -k*b + o = -x, 2*x - 12 = -b - x. List the prime factors of b.
3
Suppose u + 12 = -3*u. Let p(z) = -z**2 + 6*z + 15. Let r be p(8). List the prime factors of 16 - r/u*3.
3, 5
What are the prim